 highest common factor of s and h.
9
Suppose -5*s + 3*a + 197 = 0, -s - 5*a + 20 - 3 = 0. Suppose 4*l - 27 = s. Let v = -8 + l. What is the highest common divisor of v and 4?
4
Let z(f) = 2*f**3 - 5*f**2 - 3*f + 4. Let o be z(4). Suppose -2*k + 3*k = 3. Suppose 0 = k*n - 67 + 7. Calculate the highest common factor of n and o.
20
Let i = 73 + -40. Suppose -l + i - 12 = 0. What is the greatest common divisor of 7 and l?
7
Let t be ((-1)/(-2))/(4/128). Let k = t + -23. Let x = k + 14. What is the highest common factor of x and 7?
7
Let h(n) = 9*n + 0 + 4 - n**2 - 12*n. Let z be h(-5). Let l be (-3)/6*z + 3. Calculate the highest common factor of 12 and l.
6
Let y be (0 - 1)/(4 + -3). Let w be ((-1)/(3/48))/y. What is the greatest common factor of w and 8?
8
Let d = 466 + -453. Let b be ((-10)/(-4))/1*26. What is the greatest common divisor of d and b?
13
Suppose -3*x + 12 = u, -2*u + 0*x - 2*x = -8. Let g(z) = -6*z + 5. Let h be g(10). Let b be (0 - (h + u))/1. Calculate the greatest common factor of b and 5.
5
Let c be 21/(-3)*-8 + -2. Suppose -2*p + 9 = -3. Calculate the greatest common factor of p and c.
6
Suppose 0 = 2*w - 4*w + 34. Let v be 6/9*(-2448)/(-3). Suppose -4*i + v = -0*i. Calculate the highest common factor of w and i.
17
Suppose -2*x - 3*f - 1 = -6*x, 4*f = 4*x. Let g be (-1 - 0)*-3*x. Let v be (65 - (g + -2))/1. What is the greatest common divisor of v and 8?
8
Suppose -3*r - 12 = 0, 0 = 4*o + 3*r - 6*r - 412. What is the highest common factor of o and 40?
20
Let g(m) = -m**3 + 5*m**2 + 7*m + 7. Let c be g(6). Suppose 2*t - 6 = 0, 0 = 7*n - 2*n + t - 133. Calculate the greatest common factor of c and n.
13
Suppose 0 = -3*z + 4*a + 15 + 85, -3*z = 4*a - 116. Suppose -4*d + 5*h + z = 0, -3*d + 0*d = h - 8. What is the highest common factor of d and 2?
2
Suppose -2*o + 3*o = 14. Let u be ((-32)/6)/(4/(-18)). Let h = u - o. What is the highest common factor of h and 25?
5
Let m be (23/(-2))/(3/(-6)). Let s = m - 12. Calculate the highest common factor of s and 121.
11
Suppose -3 = -2*b - 7, -4*d + 66 = -3*b. What is the highest common divisor of 20 and d?
5
Suppose 5*z = -1277 - 16813. Let m be (-4)/(-22) + z/(-66). What is the highest common factor of 22 and m?
11
Let t be ((-96)/(-84))/((-4)/(-14)). What is the highest common divisor of 48 and t?
4
Let a = 101 + -151. Let i = a - -86. What is the greatest common divisor of 24 and i?
12
Let w = -6 + 6. Suppose -4 = 2*b - 2, w = -5*m + b + 276. Calculate the greatest common divisor of 5 and m.
5
Let a be (1 - -2)/(6/4). Suppose -31 = -5*t + 4*i - i, 5*t - 29 = 2*i. Calculate the highest common divisor of a and t.
1
Let h(b) = -b**2 + 10*b + 14. Let l be h(11). What is the highest common divisor of 6 and l?
3
Let h(f) = 7*f**2 + 1. Let x = -5 - -4. Let g be h(x). What is the highest common factor of g and 88?
8
Suppose c - 36 = -q, q - 80 = -q - 4*c. Suppose -15*d + 87 = 27. Calculate the greatest common divisor of q and d.
4
Suppose 2*d - 75 = 29. What is the highest common divisor of 13 and d?
13
Suppose 3*b = 6*x - x - 194, -2*b = 3*x - 124. Calculate the greatest common factor of x and 20.
20
Let w be 2*70 - (-5 + 1). Calculate the greatest common divisor of 18 and w.
18
Let x(k) = -k + 2. Let r be x(-8). What is the highest common divisor of 20 and r?
10
Let j be 18/(-3) + 3 + -76. Let r = -28 - j. Calculate the highest common divisor of r and 17.
17
Suppose -4*l = -6 + 22. Suppose 5*w - 4*p = 52, 4*w + 2*p = 6*w - 20. Let h = l + w. Calculate the greatest common factor of h and 8.
8
Suppose 11 = 3*h - 2*h. Suppose -l = -j + 5*j - 353, 4*j = 5*l + 347. What is the greatest common divisor of h and j?
11
Let f(v) = -7*v**3 - 3*v**2 - v + 2. Let z(c) = -c + 5. Let d be z(7). Let p be f(d). Calculate the greatest common factor of 6 and p.
6
Let y(z) = -3*z + 11. Let l be y(0). What is the highest common divisor of l and 11?
11
Let u = 260 - 170. Calculate the greatest common divisor of u and 9.
9
Let g = 93 - 81. What is the highest common divisor of g and 6?
6
Suppose 0*s - 5*s = -630. Suppose 0 = z - 6*z + 70. Calculate the highest common divisor of s and z.
14
Let u(b) = b**3 + 6*b**2 - 6*b + 1. Let o be u(-5). Let x = o - 30. Calculate the greatest common divisor of 65 and x.
13
Let d = 15 - 10. Calculate the greatest common divisor of d and 45.
5
Suppose -2 = -2*a, 2*f + 5*a = 3*f - 6. Suppose -3*o + 248 = -16. Calculate the greatest common divisor of o and f.
11
Let d = 3 - -22. Let g(v) = -4*v + 21. Let b be g(6). Let h = d + b. Calculate the highest common factor of h and 33.
11
Suppose 0 = 5*t, 15 = -2*m + 5*m + t. Suppose 4*x + 2*s = 136, -5*s + 4 + 176 = m*x. What is the greatest common factor of x and 16?
16
Let d be (-19)/(-3) - (-6)/(-18). What is the greatest common factor of d and 12?
6
Let g(h) = h**2 - 3*h - 7. Let s be g(5). Suppose s*y = -0*y + 198. What is the greatest common divisor of y and 11?
11
Suppose 3*m = -4*v + 53, -4*v + m + 59 = -2*m. Calculate the greatest common factor of 14 and v.
14
Let x be 2/(-8) + 68/16. What is the highest common factor of 76 and x?
4
Let b(z) = z**2 - 3*z - 4. Let j be b(5). Let p be j/8 + (-351)/(-12). Let c be (-234)/(-10) + 18/p. What is the greatest common divisor of 16 and c?
8
Let y = -5 - -7. Suppose 0 = y*p - 0 - 2. Calculate the highest common factor of p and 9.
1
Let b be (0*(-2)/(-6))/(-1). Let a = -2 - b. Let h be 16 - (a - (0 + 0)). Calculate the greatest common factor of h and 45.
9
Let r be (2 - (-3 + 2)) + -8. Let o = r - -7. Suppose -2*i = 5*s + 14, i - 2*s + 0*s - 11 = 0. What is the highest common divisor of i and o?
1
Let t(u) = 33*u**2 + 1. Let w be t(-1). Suppose y + 5*a - 15 - 26 = 0, 4 = -2*a. Calculate the greatest common divisor of w and y.
17
Suppose -12*p - 61 = -721. What is the highest common divisor of 33 and p?
11
Suppose -3 + 41 = 3*x + 2*s, 4*s - 28 = -3*x. Calculate the greatest common divisor of x and 64.
16
Let c = 31 + -9. Suppose -2*z + 7*z + 20 = 0, 3*r = -4*z - 4. Let t be (c/r)/(1/26). What is the highest common divisor of 13 and t?
13
Suppose 0 = x + 3*d - 51, 2*x - 5*d - 139 = -x. Calculate the highest common factor of x and 60.
12
Let k(u) = 2*u + 33. Let y be k(0). What is the greatest common factor of 22 and y?
11
Suppose 6*a - 96 = 120. What is the greatest common factor of a and 9?
9
Let c(y) = 8*y - 4. Let k be c(4). What is the highest common factor of 70 and k?
14
Let w(q) = 3*q + 1. Let h be w(1). Let p = 424 - 249. Suppose -8*r + 172 = -h*r - 4*n, 0 = 5*r + 5*n - p. What is the highest common divisor of 26 and r?
13
Let k(m) = 9*m**2 + 2*m - 2. Let a be k(2). Let j = a + 13. Calculate the greatest common divisor of 17 and j.
17
Let g = -11 + 15. Suppose 3*i - 6 = -2*m, i + 5*m = -0*m + 2. Suppose 0 = i*z - 5*z + 3. Calculate the greatest common divisor of z and g.
1
Let n(v) = -v**2 - v + 5. Let i be n(0). Suppose 0 = w + i*b - 385, -8*b = 2*w - 4*b - 788. Let t = w + -232. What is the greatest common factor of t and 21?
21
Let l be 2/(-5) - 54/(-10). Suppose -l*t - 9 + 44 = 0. What is the highest common divisor of 1 and t?
1
Let a(v) = v**2 - 10*v + 33. Let z be a(10). What is the highest common divisor of z and 3?
3
Let k(o) = -4*o. Suppose -47 = 5*h - 4*q, -3*q + 2*q = h + 4. Let f be k(h). Suppose -4*g + 2*g = -f. What is the greatest common factor of g and 28?
14
Let c(l) = l**3 + l**2 + l - 3. Let x be c(0). Let v(g) = 5*g. Let u be v(x). Let a = 25 + u. Calculate the greatest common divisor of a and 50.
10
Suppose -5*u = -2*u - 24. Suppose 0 = -4*f + u*f - 8. Suppose -2*r = -f*i + i + 26, 0 = -4*i + 5*r + 101. Calculate the highest common divisor of 3 and i.
3
Let j = 4 - 3. Suppose 3 = -2*w + j. Let y = w + 2. Calculate the highest common divisor of y and 4.
1
Suppose 2*f + 4 = 8. What is the greatest common factor of f and 5?
1
Let n(k) = k**3 + 7*k**2 + 5*k - 3. Let q be n(-6). Suppose -5*b + 25 = d, -2*d - q*b + 140 = 55. What is the highest common divisor of 5 and d?
5
Let s(k) = 5*k + 8. Let o be s(5). What is the greatest common factor of o and 99?
33
Let t(v) = v - 5. Let z be t(13). Let p(w) = -2 - 3*w**2 + 2*w**2 + 2*w - 4 + z*w. Let s be p(8). What is the highest common factor of s and 2?
2
Let o(a) = 1 + 39*a**2 - 3*a + 3*a - 2*a - 2. Let h(w) = w +